44. Let u(f) = 6*h(f) - 17*j(f). Give u(7).
-2
Suppose -x + 2*i + 0 = 2, 0 = i. Let y(j) = -6*j**3 + 5*j**2 - 4*j + 3. Let f(g) = -7*g**3 + 6*g**2 - 5*g + 4. Let s(p) = 5*f(p) - 6*y(p). Determine s(x).
-4
Let n(m) = -6252*m**3 + 7*m**2 - 4 + 6251*m**3 + 10*m + 0. What is n(8)?
12
Suppose -2*f + 2*p - 12 = 0, 0 = -p - 2 + 7. Let x be (-16 - -15) + f/1. Let s(m) = 2*m - 2. What is s(x)?
-6
Let t be 5/(-8)*-2 + 6/8. Let d(y) = -3*y**2 + 4*y - 3. What is d(t)?
-7
Let i be 6/(-27) + 4/18. Let b(o) = -2 + 6 - 5 - o - 8*o**2 + 7*o**2. Determine b(i).
-1
Let a(r) = -3*r**2 + 17*r - 5. Let s be 3/(-7*6/(-70)). Give a(s).
5
Let i(v) be the first derivative of 3*v**4/4 - 2*v - 8. Give i(2).
22
Let j = -676 + 688. Let v(n) = n**2 - 14*n - 13. Give v(j).
-37
Let n(i) = 5*i. Let d be n(2). Let h(q) = 6*q**2 + 4*q + d + 3*q**3 + 10*q - 19*q - 2*q**3. Determine h(-7).
-4
Suppose 0 = 5*j + f + 4*f - 45, j + 4*f - 21 = 0. Let l(n) = -n**3 + 4*n**2 + 3*n + 6. Give l(j).
-4
Let v be (-3*2)/(-2)*2/2. Suppose 0 = -v*t + t - 4. Let l(u) be the first derivative of -u**4/4 - u**3 - u**2 + 2*u + 1. Determine l(t).
2
Let h(k) = k. Let q be h(3). Let v(g) = q*g**3 + 2 - 6*g**2 - 2*g + 2*g + g. Let j(c) = 7*c**3 - 13*c**2 + c + 5. Let d(x) = -2*j(x) + 5*v(x). Calculate d(2).
-2
Let v(g) be the second derivative of 0 + g**2 - 2/3*g**3 - 3*g. Determine v(-2).
10
Suppose 5*g - 125 = 5*u, -u = g + 2*u - 13. Let k = 21 - g. Let x(c) = 13*c**3 - c**2 + c + 1. Give x(k).
-14
Let n(c) = 6*c + 1. Let i be 5*(24/(-20) - 4). Let w be ((-39)/i)/(6/8). Give n(w).
13
Suppose 3*c - 11 = 2*c - 4*g, 0 = -3*c + 2*g + 47. Suppose 3*t + c = -0*t. Let k be 22/t + (-30)/50. Let v(h) = -2*h - 2. Calculate v(k).
8
Suppose 3*t = -t - 4*x + 48, 0 = 2*t - 5*x - 10. Suppose -75 = 6*r - r. Let k be (-12)/9*r/t. Let w(n) = n. What is w(k)?
2
Let s(l) = l**2 - 11*l + 4. Let h(a) = 13*a + 141. Let q be h(-10). Calculate s(q).
4
Let f(n) = 3*n + 6. Let w(c) = -7*c - 13. Let a(g) = 5*f(g) + 2*w(g). Determine a(-5).
-1
Let v(y) be the first derivative of -1/3*y**3 + y**2 - 31 + y. Calculate v(-2).
-7
Let z be (-4)/(-10) + 66/10. Let k be (-52)/(-14) - (-2)/z. Let t(f) = -k*f - 2*f + 3*f + 5*f + 2. Give t(-3).
-4
Let d(h) be the first derivative of h**5/20 - h**4/3 - h**3/6 + h**2/2 - 10*h + 12. Let l(z) be the first derivative of d(z). Calculate l(4).
-3
Let j(b) = 6*b + 9 - 4*b + 9. Let p be j(0). Let h be (6/9)/((-4)/p). Let x(f) = f + 6. Determine x(h).
3
Let p(a) be the second derivative of a**3/6 + 28*a. Let b(t) = -t + 5. Let x(g) = b(g) + 3*p(g). Let s(r) = r**3 + 6*r**2 - 6. Let m be s(-6). Give x(m).
-7
Let z be -4*(-18)/(-4)*(-7)/(-42). Let j be z/(3/(18/(-2))). Let t(n) = n**2 - 6*n - 12. Calculate t(j).
15
Let n(u) be the first derivative of -11*u**2/2 - 2*u + 20. What is n(1)?
-13
Let k(w) = 12*w**2 + 4*w - 2. Let z(n) = 10*n**2 + 2*n - 1. Let s(x) = -2*k(x) + 3*z(x). Suppose 6 = -y - 0. Let j be ((-2)/y)/((-2)/(-6)). Determine s(j).
5
Suppose 18 + 17 = 5*w. Let d(v) be the third derivative of v**4/12 - v**3 + 2*v**2 + 27. Determine d(w).
8
Let s = 1 - -2. Let i(m) = 3*m**2 - s*m**3 + 168 + 2*m**3 + 6*m - 171. What is i(4)?
5
Suppose -5*f + 3 = 2*j, -6*f = -f - 15. Let v(b) = b + 9. Determine v(j).
3
Suppose 3 = 3*d - 6. Let m(i) = -5*i - 4 + 6*i + 9 + d. What is m(-5)?
3
Let c be (56/(-20))/((-5)/(-25)). Let u = -17 - c. Let s(g) = -2*g - 2. Give s(u).
4
Let j(t) = -t**3 - 5*t**2 + 5*t + 3. Let d = -138 - -132. Give j(d).
9
Let y be 2*12/16*2. Suppose 0*v - 5*i - 7 = -y*v, -4*v - 14 = 5*i. Let z(p) = p + 1. What is z(v)?
0
Suppose -2*b + 5*b - v + 20 = 0, 16 = -3*b - v. Let w(t) = 3*t + 19. What is w(b)?
1
Let f(g) = g**3 - 14*g**2 - 15*g + 7. Let c(t) = -4*t - 129. Let y be c(-36). Calculate f(y).
7
Let d = -33 - -31. Let n be 195/45 - d/3. Let v(y) = -2*y + 1. Calculate v(n).
-9
Let v(x) = -59*x + 3. Let d(y) = 12*y. Let k(g) = -5*d(g) - v(g). Suppose -4*i = -3*i + 1. Let b = i - -1. Calculate k(b).
-3
Let r(x) = 5*x - 5. Let b = 233 + -230. Determine r(b).
10
Let j = -92 + 92. Let x(z) = -z**3 + z**2 - z - 16. Calculate x(j).
-16
Let d(h) = 2*h**2 + h. Let y = 757 + -759. What is d(y)?
6
Suppose -g + 2*g = 5*g. Suppose -5*i = 3*r - 13, -4*i + g*r = r - 9. Let m(w) = 3*w - 3. What is m(i)?
3
Let i(q) = q**3 + 15*q**2 - 32*q + 22. Let l = 2285 + -2302. Determine i(l).
-12
Let v(x) be the second derivative of -x**4/6 - 4*x**3/3 + 3*x**2/2 - 38*x. Calculate v(-7).
-39
Let v(f) = 3*f**2 + 19*f - 47. Let h(x) = x**2 + 6*x - 16. Let r(g) = 11*h(g) - 4*v(g). Let j be ((1 - -15) + -5)/(-1). Calculate r(j).
1
Let y be (-6)/(-21) + 225/21. Suppose -y = x - 4. Let q(c) = c + 17. Give q(x).
10
Let s(o) = -o**3 - o**2 - o + 12. Let j(x) = -9 - 3*x**2 + x - 6 + x**3 + 4*x**2 + 4. Let q(b) = -7*j(b) - 6*s(b). Let p = 1 - 1. Determine q(p).
5
Let j(y) = y - 3. Let f be j(0). Let q(t) = -t**2 + 8*t - 6. Let o be q(3). Let l(n) = o*n + 1 - 5*n + n - 3*n. Determine l(f).
-5
Let n = -78 - -80. Let z(l) = -1 + 0*l + 4*l**2 + 2*l - 2*l**2. What is z(n)?
11
Let s = 31 + -29. Let x(q) = -q**3 - q**s + 3*q - 2*q**2 + 3*q - q + 2. What is x(-4)?
-2
Let s(u) be the second derivative of -u**4/24 - 7*u**3/6 - 11*u**2/2 - 27*u. Let h(r) be the first derivative of s(r). Let v = 0 + 0. Calculate h(v).
-7
Let o be (-8)/(-6)*(-3)/(-2). Let l(k) be the first derivative of 0 + 184*k**o + 1 + 5 - 186*k**2 - k. Give l(-2).
7
Let x(i) = -20*i - 655. Let a be x(-33). Let o(j) = -j**3 + 7*j**2 - 5. What is o(a)?
45
Let a(r) = 26*r**2 + 2*r + 1. Suppose -5*v = -6*f + 4*f + 9, 5*v = 3*f - 11. What is a(v)?
25
Let v(n) = 3*n**3 + 4*n + 3. Let k be 4/(-6)*(-29 - -32). Determine v(k).
-29
Let r(g) = 12*g**2 - 2*g - 1. Suppose -28*x - 15 = -13*x. What is r(x)?
13
Let b be -7 - (-3 + (-2 - -3)). Suppose -h = h - 10. Let m(j) = 4*j**3 - 5*j**3 - h*j**2 + 4 + 0*j - 2*j. Calculate m(b).
14
Let q(p) = 11*p - 2 - 2*p**2 + 12 + 6 + 3*p**2. Let y be q(-9). Let g(w) = 7*w**2 - 4*w**2 + 2*w + 3 - w**2. Give g(y).
7
Let g be 2/((-9)/((-27)/2)). Suppose g*z = z + 12. Let k(n) = n - 2. Determine k(z).
4
Suppose -2*s - t + 11 = -1, -t = -4*s + 12. Let l be (15 + -1)*14/28. Let u(m) = 6*m + l + 0*m - 4*m - 3*m. What is u(s)?
3
Let h = 0 - 0. Let x(i) = -i. Let q(m) = -7*m + 16. Let o(c) = -q(c) + 6*x(c). What is o(h)?
-16
Let p(z) = -2 + 12*z**2 - 36*z**2 + 11*z**2 - 2*z. Let h(s) = -13*s**2 - 3*s - 3. Let k(u) = -3*h(u) + 4*p(u). Give k(-1).
-13
Let q(d) = 20*d - 37. Let k(g) = 9*g - 17. Let s(o) = 13*k(o) - 6*q(o). Determine s(2).
-5
Let t(a) = 0 + 345*a**2 + 1 + 8*a - 346*a**2. Determine t(9).
-8
Let x(o) = 6*o**3 - o**2 - o. Let c(n) = 6*n**2 + 2*n + 4. Let i be c(-2). Suppose -q + i = 4*k + 84, -4*q + 64 = -3*k. Let v = -17 - k. Give x(v).
-6
Let w be ((-5)/10)/((-1)/10). Let p be ((-8)/(-5))/(2/w). Let u(b) = b + 3. Let r(m) = -m - 3. Let a(y) = -2*r(y) - 3*u(y). Calculate a(p).
-7
Let n(b) be the first derivative of 3*b**4/4 - b**2 - b - 36. Determine n(-1).
-2
Let m(u) = 2*u - 9. Let h(g) = -g**3 + 19*g**2 + 19*g + 29. Suppose -4*a + 24 + 56 = 0. Let z be h(a). What is m(z)?
9
Let a(v) = -v**3 + 7*v**2 - v. Let g be (42/(-12))/((-1)/2). Let y be a(g). Let z(s) = 8*s**2 + 275 + 8*s - 274 - s**3 + 2*s**3. Give z(y).
-6
Let u(o) = o**2 - 18*o + 65. Let c be u(13). Let y(k) = 5 + 2*k**2 + k + 0 + 0*k**2 - 3*k**2. Give y(c).
5
Let p(n) = -7*n**3 - 3*n**2 + 11 + 6*n - 12*n + 11*n**3 - 5*n**3 - 5*n**2. Calculate p(-7).
4
Let k(c) = 3*c**2 - 186*c - 27 + 182*c - c**2 + 26. Suppose -5*h - 3*j = -j - 7, -j = 3*h - 5. Suppose 3*u = -h*g - 0*g + 6, -g - 3*u = 0. Calculate k(g).
5
Let u(l) = 11 + 2*l - 5*l**2 - 13 - l - 2*l**2 + 3*l**3. Let r(p) = 0*p**2 + 2*p - 4*p**2 + 4*p**3 - 3*p**2 - 1. Let n(m) = -4*r(m) + 5*u(m). Calculate n(-7).
15
Suppose -40 = 5*h + 3*h. Let a(l) = l**3 + 4*l**2 - 3*l - 3. What is a(h)?
-13
Let h(k) = 51*k + 12. Let q(p) = 5*p + 1. Let b(g) = -2*h(g) + 21*q(g). Suppose 2 = 2*v - 2. Let o be v - (-2)/(-4)*-2. What is b(o)?
6
Let m(y) = 3*y - 1. Let l(g) = 8*g - 2. Let b(t) = 4*l(t) - 10*m(t). Let r(h) = 4*h + 3. Let x(u) = 5*b(u) - 2*r(u). Let a = 5 - 2. Give x(a).
10
Let o(t) be the third derivative of -t**4/24 + 5*t**3/6 - 3*t**2. Suppose s + 21 = -5*h, 2 = 2*s + 4*h + 14. Determine o(s).
1
Let k(w) = w + 3. Suppose -3*h - 